2, 7, 39901
List the prime factors of 636193.
636193
List the prime factors of 6220865.
5, 7, 177739
What are the prime factors of 649963?
47, 13829
What are the prime factors of 802563?
3, 267521
List the prime factors of 4209948.
2, 3, 17, 2293
What are the prime factors of 15840790?
2, 5, 7, 23, 9839
List the prime factors of 1994291.
13, 153407
What are the prime factors of 5962419?
3, 662491
What are the prime factors of 668092?
2, 167023
List the prime factors of 3636336.
2, 3, 11, 71, 97
List the prime factors of 210607.
47, 4481
What are the prime factors of 664343?
17, 39079
What are the prime factors of 3758257?
19, 197803
What are the prime factors of 1641391?
19, 86389
List the prime factors of 263876.
2, 41, 1609
What are the prime factors of 408213?
3, 13, 1163
What are the prime factors of 15143853?
3, 5047951
What are the prime factors of 1606766?
2, 7, 114769
List the prime factors of 8931786.
2, 3, 19, 47, 1667
List the prime factors of 24108622.
2, 12054311
List the prime factors of 3029970.
2, 3, 5, 100999
What are the prime factors of 2491569?
3, 101, 2741
List the prime factors of 33177.
3, 11059
What are the prime factors of 4330923?
3, 23, 2729
List the prime factors of 9935786.
2, 7, 17, 109, 383
List the prime factors of 1952969.
31, 73, 863
List the prime factors of 24616611.
3, 61, 44839
List the prime factors of 547889.
547889
What are the prime factors of 2726019?
3, 302891
What are the prime factors of 167553?
3, 18617
What are the prime factors of 71545?
5, 41, 349
List the prime factors of 264788.
2, 53, 1249
What are the prime factors of 19874467?
47, 422861
What are the prime factors of 1674147?
3, 19, 23, 1277
List the prime factors of 24746722.
2, 7, 11, 13, 47, 263
What are the prime factors of 112337?
112337
List the prime factors of 3396022.
2, 7, 17, 19, 751
List the prime factors of 270295.
5, 54059
What are the prime factors of 857240?
2, 5, 29, 739
What are the prime factors of 457315?
5, 91463
What are the prime factors of 1920456?
2, 3, 17, 523
List the prime factors of 361595.
5, 13, 5563
List the prime factors of 12987983.
17, 763999
List the prime factors of 3761889.
3, 1253963
What are the prime factors of 5697052?
2, 1424263
List the prime factors of 142072.
2, 7, 43, 59
List the prime factors of 430238.
2, 23, 47, 199
List the prime factors of 977563.
41, 113, 211
List the prime factors of 4082324.
2, 433, 2357
What are the prime factors of 134543?
83, 1621
What are the prime factors of 967185?
3, 5, 21493
What are the prime factors of 96660?
2, 3, 5, 179
What are the prime factors of 195739?
195739
List the prime factors of 804981.
3, 151, 1777
List the prime factors of 9282857.
31, 299447
What are the prime factors of 20327?
20327
List the prime factors of 340677.
3, 37853
What are the prime factors of 558241?
558241
What are the prime factors of 437799?
3, 145933
What are the prime factors of 1895213?
373, 5081
List the prime factors of 7975.
5, 11, 29
List the prime factors of 14103435.
3, 5, 940229
List the prime factors of 3839072.
2, 119971
List the prime factors of 1695564.
2, 3, 13, 3623
List the prime factors of 4996175.
5, 23, 8689
List the prime factors of 5350673.
5350673
What are the prime factors of 67300?
2, 5, 673
What are the prime factors of 251187?
3, 101, 829
What are the prime factors of 571324?
2, 13, 10987
What are the prime factors of 16243?
37, 439
What are the prime factors of 50575?
5, 7, 17
List the prime factors of 15564707.
17, 41, 137, 163
List the prime factors of 27213598.
2, 31, 14159
What are the prime factors of 22866436?
2, 1777, 3217
List the prime factors of 262383.
3, 11, 7951
What are the prime factors of 363339?
3, 13457
List the prime factors of 12499184.
2, 781199
List the prime factors of 6346952.
2, 127, 6247
List the prime factors of 8507285.
5, 103, 16519
What are the prime factors of 491742?
2, 3, 17, 1607
List the prime factors of 559375.
5, 179
List the prime factors of 480600.
2, 3, 5, 89
What are the prime factors of 2173990?
2, 5, 7, 13, 2389
What are the prime factors of 163163?
7, 11, 13, 163
What are the prime factors of 2994110?
2, 5, 7, 42773
List the prime factors of 5235477.
3, 13, 134243
List the prime factors of 925940.
2, 5, 67, 691
What are the prime factors of 1005730?
2, 5, 11, 41, 223
What are the prime factors of 6075617?
6075617
What are the prime factors of 118007?
199, 593
List the prime factors of 7483467.
3, 2494489
What are the prime factors of 724297?
7, 103471
What are the prime factors of 133557?
3, 44519
List the prime factors of 11062457.
7, 1580351
List the prime factors of 3781156.
2, 945289
What are the prime factors of 279179?
279179
What are the prime factors of 202678?
2, 7, 31, 467
What are the prime factors of 1972510?
2, 5, 17, 41, 283
List the prime factors of 30760809.
3, 10253603
What are the prime factors of 364107?
3, 121369
What are the prime factors of 175025?
5, 7001
What are the prime factors of 37568282?
2, 19, 29, 73, 467
List the prime factors of 4356472.
2, 19, 28661
What are the prime factors of 413244?
2, 3, 13, 883
What are the prime factors of 3158948?
2, 13, 4673
List the prime factors of 1120576.
2, 17509
List the prime factors of 380460.
2, 3, 5, 17, 373
What are the prime factors of 1209387?
3, 29, 13901
What are the prime factors of 3944830?
2, 5, 113, 3491
What are the prime factors of 641487?
3, 7, 11, 2777
List the prime factors of 16410.
2, 3, 5, 547
What are the prime factors of 389255?
5, 127, 613
List the prime factors of 2898575.
5, 23, 71
What are the prime factors of 5545260?
2, 3, 5, 7, 163
What are the prime factors of 1804690?
2, 5, 251, 719
What are the prime factors of 545041?
7, 77863
List the prime factors of 132738.
2, 3, 22123
List the prime factors of 938874.
2, 3, 167, 937
What are the prime factors of 41554?
2, 79, 263
List the prime factors of 6304497.
3, 2101499
List the prime factors of 3266162.
2, 1633081
List the prime factors of 11941427.
223, 53549
What are the prime factors of 12194?
2, 7, 13, 67
What are the prime factors of 468877?
17, 27581
What are the prime factors of 368772?
2, 3, 79, 389
What are the prime factors of 349836?
2, 3, 29153
What are the prime factors of 3391422?
2, 3, 565237
List the prime factors of 727921.
107, 6803
What are the prime factors of 153781?
61, 2521
What are the prime factors of 1639374?
2, 3, 11, 59, 421
List the prime factors of 682406.
2, 341203
What are the prime factors of 524062?
2, 7, 11, 41, 83
What are the prime factors of 1406565?
3, 5, 23, 151
What are the prime factors of 470020?
2, 5, 71, 331
What are the prime factors of 212565?
3, 5, 37, 383
List the prime factors of 2119334.
2, 7, 151381
What are the prime factors of 1973408?
2, 83, 743
List the prime factors of 6058441.
47, 128903
What are the prime factors of 3258899?
7, 19, 107, 229
List the prime factors of 20570793.
3, 6856931
List the prime factors of 50252.
2, 17, 739
List the prime factors of 367324.
2, 131, 701
List the prime factors of 2737510.
2, 5, 17, 16103
List the prime factors of 13742490.
2, 3, 5, 89, 5147
What are the prime factors of 2124037?
2124037
List the prime factors of 602638.
2, 301319
List the prime factors of 513780.
2, 3, 5, 8563
What are the prime factors of 6103874?
2, 7, 127, 3433
What are the prime factors of 274994?
2, 359, 383
What are the prime factors of 2351588?
2, 587897
List the prime factors of 7133127.
3, 673, 3533
List the prime factors of 260262.
2, 3, 19, 761
List the prime factors of 167161.
17, 9833
What are the prime factors of 19057772?
2, 43, 179, 619
What are the prime factors of 180951?
3, 60317
List the prime factors of 216908.
2, 211, 257
List the prime factors of 4272674.
2, 7, 83, 3677
List the prime factors of 1957462.
2, 13, 79, 953
List the prime factors of 1064236.
2, 266059
List the prime factors of 5648605.
5, 19, 37, 1607
List the prime factors of 3698428.
2, 29, 31883
List the prime factors of 3373177.
3373177
List the prime factors of 2831242.
2, 137, 10333
What are the prime factors of 4187332?
2, 1046833
List the prime factors of 2330334.
2, 3, 37, 3499
List the prime factors of 23257.
13, 1789
List the prime factors of 7791806.
2, 11, 149, 2377
List the prime factors of 981280.
2,